y/(24/9)*h?
3
Let y(h) = -2 - 2*h**2 - 4 + 3*h**2 - 6*h. Let m be y(6). What is the units digit of (-2)/(-1)*(-9)/m?
3
Suppose 0*x - 40 = -5*x. What is the units digit of x?
8
Let h(g) = g**3 - 3*g**2 + 5*g - 1. Let m = 2 + 2. What is the tens digit of h(m)?
3
Suppose 18 = j - 0*j + 2*a, 2*j = 2*a + 60. Suppose 0 = 2*n - 2*f + j, -74 = 3*n - 2*f + 6*f. What is the units digit of (-6)/n - (-34)/6?
6
Let f(i) = i - 2. Let l be f(0). What is the units digit of (-4)/(24/39)*l?
3
Let x(k) = 27*k - 1. Let d be x(1). Let t = d - -2. What is the units digit of t?
8
Suppose -12*k + 7*k + 145 = 0. What is the units digit of k?
9
Suppose 3*c = -4*t - 2*c + 248, 0 = -3*c. What is the units digit of t?
2
What is the units digit of ((-34)/(-3))/((-5)/(-15))?
4
Suppose 1232 = 6*f + 2*f. What is the hundreds digit of f?
1
Let s be (-49 + -1)/(8/(-4)). Suppose -5*c + 65 - s = 0. What is the units digit of c?
8
Suppose 2*s + 56 + 0 = 0. Let z = s - -47. What is the tens digit of z?
1
Suppose -7*x = -2*x + 25. Let r be (-1)/((-15)/(-69)) + 2/(-5). What is the units digit of 2/r - 32/x?
6
What is the units digit of (-6 - -11)*11*1?
5
Suppose 0 = -2*y + y - 3*l + 114, 5*y + 4*l - 537 = 0. Suppose j - 3*q - 25 = 0, 2*j + 5*q + y = 7*j. What is the units digit of j?
9
Let x(b) = b**3 - 3*b**2 + 2*b - 2. What is the units digit of x(3)?
4
Let u be -1 + -62*2/(-4). Suppose -2*g - g + u = 0. What is the tens digit of g?
1
Let j(s) = -3*s + 9*s**3 + s**3 - 14*s**3 + 2 + 28*s**3. What is the tens digit of j(1)?
2
Let b(n) = n**2 + 5*n + 1. Let z be b(-6). Suppose z*t - 3*t = 0. Suppose t*o + 18 = 2*o. What is the units digit of o?
9
Let z be (-4 - -6) + (14 - 0). Suppose -5*b - 4*a = -3*b - z, -3*a = -3*b + 15. What is the units digit of b?
6
Let s(l) = -3 + 0*l**2 + l**2 + 0*l + 5*l + 0*l. Let w be s(-5). What is the units digit of (-48)/(-9) + 1/w?
5
Let r = -10 + 14. Suppose 2*s - 4 = s. Suppose -k = -p - 16, -p + 73 = r*k + s*p. What is the tens digit of k?
1
Let w = -2 - -6. Suppose 0 = -z - 5, -2*z = -w*a + 13 + 5. What is the units digit of a?
2
Let u be (-1)/(15/(-12) + 1). Suppose 6*h - u*h = 24. What is the units digit of h?
2
Let g be 6 + (6/1)/3. Let x(y) = y**2 - 9*y + 9. What is the units digit of x(g)?
1
Let p(q) = q**3 + 7*q**2 - q - 1. Let k be p(-7). Suppose 0 = 3*j - k*j + 78. What is the units digit of j?
6
Let x be (-594)/(-24) - 2/(-8). Let l = -10 + x. What is the units digit of l?
5
Let o be 1 + 0 + 135/3. Let u = -32 + o. What is the tens digit of u?
1
Let w be 3/(-15) + 1/5. Let x = 1 - w. What is the units digit of x?
1
Suppose -2*s + 3*s = 0. Suppose 12 = 5*p - 2*v, s*p - 2*v = p. What is the units digit of p?
2
Let o(c) = -14*c - 13. What is the tens digit of o(-5)?
5
Suppose -5*d + 2*q = 6*q - 158, -130 = -4*d - 5*q. Suppose 30 = 6*s - d. What is the tens digit of s?
1
Suppose -r + n + 38 = 2*r, 4*r - 52 = 2*n. What is the units digit of r?
2
Suppose 4*f - 2*p - 166 = 0, f + 0 = 3*p + 44. What is the tens digit of f?
4
Let j = -190 + 93. Let y = -66 - j. What is the units digit of y?
1
Let l(p) = -p**3 - 7*p**2 - 2*p. Let y be l(-7). Let x be -3 + (6 - 1) + y. Suppose k + k = -4*s + x, 65 = 5*k + 5*s. What is the tens digit of k?
1
Suppose 5*q - 5*r - 88 + 28 = 0, 0 = -2*r. Let p = q - -13. What is the units digit of p?
5
Let m = 127 - 75. Suppose 0 = -2*v - 2*f + 8, 0 = -5*v + 3*f - 0 + m. What is the units digit of v?
8
Suppose 300 = t + 3*t - 4*y, -5*t + 354 = 2*y. What is the units digit of t?
2
Suppose -3724 - 2111 = -15*c. What is the units digit of c?
9
Suppose 3*x - 114 = 114. What is the tens digit of x?
7
Suppose 3*w - 15 = 0, 5*h + 9*w = 7*w + 25. What is the units digit of h?
3
Let a = -47 - -94. What is the tens digit of a?
4
Suppose 4*k - 4 = 0, -k = 4*u - 4*k + 139. Let z = u + 48. What is the units digit of z?
4
Let z(p) = -2*p + 34. What is the units digit of z(0)?
4
Let d(j) be the first derivative of -j**3/6 - j**2 + j - 3. Let r(u) be the first derivative of d(u). What is the units digit of r(-4)?
2
Let y(r) = -2*r - 7. Let c be y(-6). Let s be (-3)/(6/(-16)) + 2. Let a = s - c. What is the units digit of a?
5
Suppose 0 = 7*u - 2*u - 15. Let m(p) = 3*p**3 - 4*p**2 + 1. What is the units digit of m(u)?
6
Let y = 21 - 19. What is the units digit of y?
2
Let x = -48 + 33. Suppose 0 = -5*g - h + 22, -26 = -2*g - 3*g - 3*h. What is the units digit of (-10)/g*84/x?
4
Suppose -7*v = -5*v - 40. What is the units digit of v?
0
Let a = 632 + -280. What is the units digit of a?
2
Let p(m) = 2*m**2 - m + 1. Let q be (-1 - -2) + 1 + 2. Suppose q*f + 13 = 5*v - 12, -5*f = 25. What is the units digit of p(v)?
2
Let y be (2 - 2)/(1 + 2). Suppose -5*z + 1 = -3*a, y*a + 37 = 4*a + z. What is the units digit of a?
8
Let w = 19 - 17. Suppose -72 = -w*v - 5*x, -132 = -5*v - 3*x + 86. What is the units digit of v?
6
Suppose 5*a - 2*q + 21 = 0, 0*a + q = 4*a + 15. Suppose 2*o - 1 + 9 = 0. What is the units digit of 3 + a - o/1?
4
Let s = -2 + 10. Suppose -s = -w + 4*l, 2*l = -5*w - 2*l + 64. What is the units digit of (-4 + 0)*(-3)/w?
1
Suppose 39 = -q - 5*u, 3*u - 87 = 4*q - 0*u. Let t = -17 - q. Suppose 2*w = -4*x, 3*w - 5*x = -4*x + t. What is the units digit of w?
2
Suppose 2*k + 14 = 3*k. What is the units digit of k?
4
Suppose 2*i - 10 = 0, 0*y + y = 5*i + 66. What is the tens digit of y?
9
Let f be ((-2)/(-5))/(3/225). Let q be (-5)/20 + (-35)/4. What is the units digit of ((-6)/q)/(2/f)?
0
Let f(v) = -3*v - 5*v + 3*v + 4*v. Let x be f(-6). Let u(t) = t**2 - 5*t + 4. What is the tens digit of u(x)?
1
Suppose 0*u - 494 = -3*u + 5*c, 4*c = 4*u - 656. What is the tens digit of u?
6
Suppose -r + 74 = 8*l - 4*l, 0 = -2*r + 4. What is the tens digit of l?
1
Let q(t) = 4*t**2 + 4*t + 13. Let v(r) = r**2 + r. Let k(g) = q(g) - 5*v(g). What is the tens digit of k(0)?
1
Let c(f) = -f - 1. Suppose 10 + 2 = -4*l. Let u be c(l). Suppose 0 = 5*w - p - 32, u*w = -w - p + 24. What is the units digit of w?
7
Let l(z) = -z**3 + z**2 + 5*z - 3. What is the tens digit of l(-4)?
5
Let q be (-2 - (1 - 5)) + -12. Let f(p) = p + 13. Let l be f(q). Let v = 3 + l. What is the units digit of v?
6
Suppose -i - 7 - 14 = 4*m, 28 = -3*i - 5*m. Let z be 3 + i + (0 - -2). Suppose z*h - 6 = 2*h. What is the units digit of h?
3
Suppose -l + 164 = -2*o, 2*o - 441 + 107 = -2*l. What is the tens digit of l?
6
Let g be (-146)/12 + (-4)/(-24). Let l be g/(-30) + (-46)/(-10). Suppose -5*k + 10 = -l*a, k - 5*a = -2*k. What is the units digit of k?
5
Suppose 1980 = 16*k - 836. What is the tens digit of k?
7
What is the hundreds digit of 4/(-3 - 3270/(-1086))?
3
Let t(f) = 0 - 6*f**2 - f**3 + 4 + 2*f**2 + 0*f**3. What is the units digit of t(-4)?
4
Let u = -6 - -10. Suppose -5*r - 55 + 5 = -5*h, -h - 5 = u*r. What is the units digit of (-30)/(-7) + (-2)/h?
4
Let b be ((1*-16)/(-2))/2. Suppose -4*d = 4*i - b, -3*d - 4*i - 14 = -2*d. Let o(a) = -a**3 + 6*a**2 + 2*a - 4. What is the units digit of o(d)?
8
Suppose a = -5*v + 70, -3*a = 9 + 6. What is the tens digit of v?
1
Let i = 255 - 182. What is the tens digit of i?
7
Suppose 4*z = 7*z + 15, 3*z + 70 = -5*h. Let b = -7 - h. Suppose -b*g = -5*x - 39, 2*g + 5*x = -g + 3. What is the units digit of g?
6
Suppose -4*x = -9*x + 140. What is the units digit of x?
8
Suppose g - 33 = 2*v, -5*v - g = -5*g + 87. Suppose 2 = 2*x - 4*x. What is the units digit of x/(-2) - v/10?
2
Let b be 1/(2/((-18)/(-3))). Let p(l) = l. Let y be p(-1). Let c = b - y. What is the units digit of c?
4
Let d(h) = 7*h - 25. What is the tens digit of d(13)?
6
Let x be -5 - 7 - (1 + 0). Let a = 18 + x. What is the units digit of a?
5
Let h = 40 - 2. What is the units digit of h?
8
Suppose 2*l - 3*y = 5*l - 18, -6 = -4*l + 5*y. Suppose -6 = -l*p - 2*f, 6 - 20 = -p + 2*f. What is the units digit of p?
4
Suppose 0 = 3*v - 4*i - 63 - 13, 5*i = 3*v - 80. Suppose -2*k = -3*f - v, 8*k - 50 = 3*k + 5*f. What is the tens digit of k?
1
Suppose -n + 2*n - 3 = 0. Let o be (-2)/6 + 1/n. What is the units digit of -4 - -6 - (o + -7)?
9
Suppose 3*n - 260 = 73. What is the units digit of n?
1
Suppose 2*b + 36 = -2*f, -3*f = -2*b + 10 + 19. Let w = f + 22. What is the units digit of w?
9
Let k(u) = u**2 + 5*u + 6. Let c be k(-4). Let v = c + -1. Let l = v + 0. What is the unit